k) = k**2 + 2. Let t(p) = 2*p + 6. Let u be t(0). Let r be -2*((-12)/(-2))/2. Let h = r + u. What is a(h)?
2
Let p(j) be the first derivative of -j**3/3 + j**2 - 3. Calculate p(4).
-8
Let p(j) = 0*j**2 - j**2 + 68*j - 74*j - 7. What is p(-7)?
-14
Let a(c) = 3 + 0 - 4 - 3*c. Let w be 0/(-3) - 1 - 0. Give a(w).
2
Let u be 2 - 3/(-6)*2. Suppose 2*s + 20 - 5 = 5*j, j = -5*s + u. Let w(b) = -5*b + 0 + s. What is w(-1)?
5
Suppose -2*l = 4*v + l + 28, 3*l = v - 8. Let r(w) = -w. Calculate r(v).
4
Let i(j) = j. Let v = -50 + 51. What is i(v)?
1
Let j(d) = 5*d**3 - 2*d**2 - 9*d - 47. Let h(f) = 2*f**3 - f**2 - 4*f - 23. Let b(l) = 7*h(l) - 3*j(l). Give b(0).
-20
Let b(t) = 3*t - 15. Let q(d) = -5*d + 22. Let k(p) = 8*b(p) + 5*q(p). Let h = -16 - -10. Let s be k(h). Let z(m) = m + 9. Determine z(s).
5
Let j(q) be the third derivative of -q**6/120 + q**5/10 - 5*q**4/24 + 7*q**3/6 + 3*q**2. Let z be (2/(-6))/(1/(-15)). Calculate j(z).
7
Let b(m) be the second derivative of m**3 + 3/2*m**2 + 1/20*m**5 - m + 0 - 7/12*m**4. Calculate b(6).
3
Let t(k) be the first derivative of -k**3/3 + 2*k**2 + 3*k - 12. Give t(5).
-2
Let b(y) = -y**2 + 3*y + 2. Let s be b(3). Let h(n) = -s - 2 + 0 + n + 6. Determine h(0).
2
Let r(f) = -2*f + 3. Let u = 4 - 4. Suppose -2*y - 2 + 0 = u. Let v be y*(0 - 0) - -3. Give r(v).
-3
Suppose 0*l + 3*l - 6 = 0. Let v(a) be the first derivative of 3/2*a**2 - 1/4*a**4 - a + 1/3*a**3 + l. Give v(2).
1
Let t = -7 + 11. Suppose t*u - 5 = -u. Let d = 2 + u. Let q(l) = -l**2 + 3*l + 3. What is q(d)?
3
Let j(v) = -2*v - 2. Let t be j(-4). Suppose 7*d = f + 2*d + 10, -t = -2*d. Let z(q) = -1 + 1 - q - f + 2. What is z(-3)?
0
Let n(h) be the first derivative of -2 + 0*h**2 + 0*h + 1/60*h**5 - h**3 + 1/12*h**4. Let d(t) be the third derivative of n(t). Calculate d(-3).
-4
Let w be -1 + -1 - -1 - -6. Let d = 8 - w. Let r(f) = 2 + 5 - 2*f - f - 3. Determine r(d).
-5
Let t(o) = o. Suppose -4*c - c = 4*j + 24, -5*j - 5*c - 30 = 0. What is t(j)?
-6
Let f(h) = -4*h**3 + h + 1. Suppose 39 - 11 = 2*z - 4*q, -z - 16 = 4*q. Let j = z + 5. Suppose 5 - j = 4*p. Determine f(p).
4
Let r(g) be the first derivative of -g**5/5 - 4*g - 4. Let c(p) be the first derivative of r(p). Determine c(1).
-4
Let y(x) be the second derivative of -x**5/20 - x**4/4 + x**3/2 + x**2 - 11*x. Determine y(-3).
-7
Suppose 5*h - 8*h = -2*l + 27, -4*l + 5*h + 49 = 0. Let t(x) = 5*x - 2 + x + 0 - x**2. What is t(l)?
-2
Suppose -2*b - 7 = -k, -3*k + 17 = -5*b - k. Let u(i) = -i**3 - 5*i**2 + 8*i + 4. Let l(s) = -s**3 - 4*s**2 + 7*s + 4. Let a(y) = 3*l(y) - 2*u(y). Give a(b).
-2
Let s(a) be the first derivative of a**4/4 - 7*a**3/3 + 4*a**2 - 9*a - 1. Suppose -j - 14 = -3*k, 2*k = 7*k + 3*j - 42. Determine s(k).
3
Let n(a) = 3*a - 2. Let i(z) = 1. Let q(x) = 3*i(x) - n(x). Let v(b) = b**2 - b + 2. Let s = 8 + -6. Let r be v(s). Calculate q(r).
-7
Let x(p) = 24*p - 42*p + 16*p - 1. Determine x(-1).
1
Let k be (1 + 5/(-2))/((-15)/20). Let t(w) = -w**3 + 4*w**2 - 2*w - 2. Give t(k).
2
Let n = 16 + -15. Let u(h) = -6*h + 1. What is u(n)?
-5
Let r(p) = -p - 5. Let y = 0 - -2. Let i = 2 - y. Suppose i*s - 12 = -3*s. Determine r(s).
-9
Let u(b) = b**3 + 5*b**2 + 4*b - 1. Suppose -7 = 3*g - 5*c, -2*c + 10 = 7*g - 10*g. What is u(g)?
-1
Let a be 1 - (3 + -8)/(-1). Let p(w) = 2 - w - w**2 - 8 - 5*w. Determine p(a).
2
Let q be ((3 - 5) + 2)/(-2). Let h(y) = -y**3 + y**2 + y - 2. What is h(q)?
-2
Let i(u) be the first derivative of 2*u**3/3 + 4. Calculate i(3).
18
Let y(b) = 11*b**3 + 2*b**2 - 1. Suppose 0*s + 6 = s. Let l be (-4)/2*(-3)/s. Calculate y(l).
12
Let g(t) = 2*t + 2 + 2 + 0*t. Let c(r) = r + 3. Let j be (1 + 3)/(4 + -3). Let n(l) = j*c(l) - 3*g(l). Give n(-2).
4
Let f(s) be the third derivative of 0 + 0*s + 3*s**2 + 0*s**3 - 1/60*s**5 + 0*s**6 - 1/5040*s**7 + 0*s**4. Let p(o) be the third derivative of f(o). Give p(1).
-1
Let x(d) = -d**3 + d + 4. Suppose -5*w + 2*q = 11, 0*w - 2*w + q - 4 = 0. Let k = 6 + w. Suppose 0 = 2*t + s + 4*s, -k*s = 4*t. Calculate x(t).
4
Let r = -5 - -4. Suppose -8 - 12 = -4*m. Let s(z) = -6 + m*z**2 + z**2 + 5. Calculate s(r).
5
Let r(q) = -4*q - 1997*q**2 - 5 - 2 + 1998*q**2. Let l be -2*1 - (-7 - 0). Give r(l).
-2
Let v = -7 - -11. Let w(f) = -f**2 + f + f + 4*f. Let a(o) = -2*o**2 + 13*o. Let l(k) = v*a(k) - 9*w(k). Give l(3).
3
Suppose -3*x + 12 = 6. Let y(j) = 3*j**2 + 3*j**2 + 6*j + 3 + 0*j**x - 5*j**2. Determine y(-6).
3
Let x(v) = 3*v + 10*v**2 + 14*v**2 + 1 - v**3 + 15*v**2 - 37*v**2. What is x(4)?
-19
Let z(y) = -y**3 + y**2 + 3*y - 1. Suppose 0 = -5*s + 5 + 20. Let m(r) = -3*r**3 + 3*r**2 + 7*r - 1. Let f(a) = s*z(a) - 2*m(a). Determine f(0).
-3
Let n(p) be the third derivative of -p**8/1344 - p**6/360 - p**5/120 + p**4/8 - 4*p**2. Let j(l) be the second derivative of n(l). Calculate j(-1).
6
Let a(y) = -3*y**3 + 4*y**2 + 1 + 6*y**3 - 3 - 2*y - 4*y**3. Determine a(4).
-10
Let t(v) = -6*v + 18*v + 6 + v**3 - 12*v. Let q(o) = -o - 4. Let h be q(-6). Let u = h - 2. Give t(u).
6
Let p(q) = -q**3 - 2*q**2 + q + 1. Let m(z) = z**3 + 2*z**2 - 2*z - 1. Let c(n) = -3*m(n) - 4*p(n). What is c(-2)?
-5
Let w be 1*-1*1 - -2. Let z(n) = 2*n**3 - 3*n**3 + 46*n**2 - 45*n**2 + 2*n - 3*n. Give z(w).
-1
Let l(o) be the second derivative of o**4/3 + o**3/3 - o**2/2 - 11*o. Calculate l(1).
5
Let j(q) = -2*q + 10. Let l(x) = 3*x - 15. Let n(i) = -7*j(i) - 5*l(i). Let f(h) = h + 9. Let a be f(-4). What is n(a)?
0
Let t(h) = -12*h**2 - 3*h - 2. Let w(z) = 6*z**2 + 2*z + 1. Let q(a) = -4*t(a) - 7*w(a). What is q(1)?
5
Let j be (-8)/(-4)*(-4)/(-2). Suppose 4*a + 12 = 0, -2*h + a = 3*h - 23. Let o(k) = -k + h*k - 5 + 0*k. Give o(j).
7
Let m(o) = -7*o**3 + o**2. Let j(n) = 2*n - 1. Let i be j(3). Suppose 4*w + i*y = -18 - 27, 0 = -3*y - 15. Let f be 6/10 + (-2)/w. Calculate m(f).
-6
Suppose 0 = 3*i - 2 - 10. Let u(s) = s**2 + i*s - 1 + 0*s - 5*s. Let m(z) = -z**2 + z + 2. Let n(j) = 3*m(j) + 4*u(j). What is n(0)?
2
Suppose -u - 4*b = 2*u + 14, -3*u - 3*b - 9 = 0. Let p(c) = -2*c**3 + 2*c**2 - 2*c - 1. What is p(u)?
-13
Suppose 3 + 2 = i. Suppose 0 = 4*u - i*m + 17, 2*u - 28 = 4*u + 4*m. Let q(h) = h + 13. Let t be q(u). Let c(a) = -a + 5. Give c(t).
0
Let f(m) be the first derivative of m**2/2 + 2*m + 11. Give f(-8).
-6
Let i = 0 + 0. Let h(a) be the second derivative of 0 - 2*a - 1/6*a**3 - a**2. Determine h(i).
-2
Let l(c) = c**3 + c + 3. Let f be l(0). Suppose 0 = 3*s - 4 - 2. Let y(i) = 1 - s + 0 + 0*i + 2*i. Determine y(f).
5
Let s be (21/9)/((-40)/12 - -3). Let b(a) = a**2 + 8*a + 8. Determine b(s).
1
Let u(y) = 2*y - 10. Let h(r) = 1. Let j(v) = 8*h(v) + u(v). Determine j(5).
8
Let i(n) = 4*n**2 + n - 78*n**3 + 168*n**3 - 87*n**3 - 2*n**2. Let d = -2 + 1. What is i(d)?
-2
Let d = -18 - -22. Let w(h) = h**3 - 5*h**2 + 3*h + 1. Calculate w(d).
-3
Let v = -56 + 63. Let c(l) = l**3 - 7*l**2 + l + 8. What is c(v)?
15
Let q(r) = -r**2 - 3*r + 1. Let y(u) = u**2 + 4*u. Let p = 8 + -5. Let m(k) = p*q(k) + 2*y(k). Let d(h) = h - 4. Let g be d(4). Determine m(g).
3
Let j(a) = 13*a + 2. Let u(c) be the first derivative of 7*c**2 + 3*c + 1. Let m(d) = 4*j(d) - 3*u(d). Determine m(-1).
-11
Suppose 3*i - 1 - 14 = 0. Let v = -8 + 10. Let g(x) = -5*x - 4*x**v + x**2 - 3 + 4*x**2. Calculate g(i).
-3
Let l(n) = -n**2 + n - 7. Let t(k) = k**2 + 2*k. Let z be t(0). Give l(z).
-7
Suppose -16 = -2*x - 3*g, -3*x + 4*g - 2 = 2*g. Suppose -x*h + 1 = 7. Let n(i) = i - 1. Determine n(h).
-4
Let l(p) = -p**3 - 5*p**2 - 2*p + 2. Let o be -4 + 4 + 3 + -7. Give l(o).
-6
Let t(s) = -2*s**2 + s**2 + 3 - s + 1. Let k = 4 + -1. Suppose -k*u = -4*o - 8, 7*o - 4*o + 6 = 4*u. What is t(u)?
4
Let a(t) = -8*t**3 + 2*t**2 - 2*t + 1. Let d(z) = -z**3 - 16*z**2 - 14*z + 16. Let r = -11 + -4. Let j be d(r). Give a(j).
-7
Let d be (-15)/(-6) - 3/6. Let o(y) = -2*y**3 + 4*y**2 - y - 2. Let f be o(d). Let i(t) = -5*t + t + 3 - 7 + 3*t**2 + t**3. Give i(f).
-4
Let w(g) = 48*g + 1 - 26*g - 26*g. Calculate w(2).
-7
Let l be (-4)/(-10) + (-110)/25. Let w(o) = -o**3 - 3 - 3*o + 5*o - 3*o**2 + o. What is w(l)?
1
Let c = 17 + -17. Let v(s) = -4 - 3 + 0 - s**2 + 2. Determine v(c).
-5
Let x(a) = -3*a**3 + 4*a**2 + a - 11. Let y(h) = 2*h**3 - 2*h**2 - h + 6. Let g(b) = 3*x(b) + 5*y(b). Calculate g(-3).
-6
Let c(g) be t